{"id":231,"date":"2026-07-22T14:28:19","date_gmt":"2026-07-22T14:28:19","guid":{"rendered":"https:\/\/szucsphoto.hu\/?page_id=231"},"modified":"2026-08-11T17:19:07","modified_gmt":"2026-08-11T17:19:07","slug":"jegyesfoto","status":"publish","type":"page","link":"https:\/\/szucsphoto.hu\/?page_id=231","title":{"rendered":""},"content":{"rendered":"<div class=\"kb-row-layout-wrap kb-row-layout-id231_8af4a8-3b alignfull has-theme-palette8-background-color kt-row-has-bg wp-block-kadence-rowlayout\"><div class=\"kt-row-column-wrap kt-has-2-columns kt-row-layout-equal kt-tab-layout-inherit kt-mobile-layout-row kt-row-valign-middle\">\n\n<div class=\"wp-block-kadence-column kadence-column231_e70982-c4 kb-section-dir-vertical inner-column-1\"><div class=\"kt-inside-inner-col\">\n<p class=\"has-text-align-center has-x-large-font-size wp-block-paragraph\"><strong> Jegyesfot\u00f3z\u00e1s <\/strong><\/p>\n\n\n\n<p class=\"kt-adv-heading231_40b3e2-90 wp-block-kadence-advancedheading has-theme-palette-4-color has-text-color\" data-kb-block=\"kb-adv-heading231_40b3e2-90\">Ha a deluxe vagy a classic csomagot v\u00e1lasztj\u00e1tok kaptok egy 80.000 forint \u00e9rt\u00e9k\u0171 jegyesfot\u00f3z\u00e1st aj\u00e1nd\u00e9kba. <\/p>\n\n\n\n<p class=\"is-style-default wp-block-paragraph\">A foglal\u00e1s ut\u00e1n megbesz\u00e9l\u00fcnk egy id\u0151pontot \u00e9s egy helysz\u00ednt ami mindkett\u0151nknek alkalmas \u00e9s elmegy\u00fcnk egy k\u00f6tetlen p\u00e1ros\/jegyesfot\u00f3z\u00e1sra ahol kicsit jobban megismerhetj\u00fck egym\u00e1st, megszokhatj\u00e1tok milyen a kamera el\u0151tt mozogni \u00e9n pedig \u0151szinte \u00e9s felejthetetlen k\u00e9peket k\u00e9sz\u00edtek r\u00f3latok<\/p>\n\n\n\n<div class=\"wp-block-kadence-advancedbtn kb-buttons-wrap kb-btns231_0cd4d0-0a\"><a class=\"kb-button kt-button button kb-btn231_1c5dee-b7 kt-btn-size-standard kt-btn-width-type-auto kb-btn-global-inherit kt-btn-has-text-true kt-btn-has-svg-false wp-block-button__link wp-block-kadence-singlebtn\" href=\"https:\/\/szucsphoto.hu\/#ajanlatkeres\"><span class=\"kt-btn-inner-text\">Aj\u00e1nlatot k\u00e9rek<\/span><\/a><\/div>\n<\/div><\/div>\n\n\n\n<div class=\"wp-block-kadence-column kadence-column231_0bbeb7-76 inner-column-2\"><div class=\"kt-inside-inner-col\">\n<figure class=\"wp-block-kadence-image kb-image231_ffc9db-f0 size-large kb-image-is-ratio-size\"><div class=\"kb-is-ratio-image kb-image-ratio-port34\"><img loading=\"lazy\" decoding=\"async\" width=\"683\" height=\"1024\" src=\"https:\/\/szucsphoto.hu\/wp-content\/uploads\/2026\/07\/DSC09623-683x1024.jpg\" alt=\"\" class=\"kb-img wp-image-302\" srcset=\"https:\/\/szucsphoto.hu\/wp-content\/uploads\/2026\/07\/DSC09623-683x1024.jpg 683w, https:\/\/szucsphoto.hu\/wp-content\/uploads\/2026\/07\/DSC09623-200x300.jpg 200w, https:\/\/szucsphoto.hu\/wp-content\/uploads\/2026\/07\/DSC09623-768x1152.jpg 768w, https:\/\/szucsphoto.hu\/wp-content\/uploads\/2026\/07\/DSC09623-1024x1536.jpg 1024w, https:\/\/szucsphoto.hu\/wp-content\/uploads\/2026\/07\/DSC09623-1365x2048.jpg 1365w, https:\/\/szucsphoto.hu\/wp-content\/uploads\/2026\/07\/DSC09623-scaled.jpg 1707w\" sizes=\"auto, (max-width: 683px) 100vw, 683px\" \/><\/div><\/figure>\n<\/div><\/div>\n\n<\/div><\/div>\n\n\n<p class=\"wp-block-paragraph\"><\/p>\n","protected":false},"excerpt":{"rendered":"<p>Jegyesfot\u00f3z\u00e1s Ha a deluxe vagy a classic csomagot v\u00e1lasztj\u00e1tok kaptok egy 80.000 forint \u00e9rt\u00e9k\u0171 jegyesfot\u00f3z\u00e1st aj\u00e1nd\u00e9kba. A foglal\u00e1s ut\u00e1n megbesz\u00e9l\u00fcnk egy id\u0151pontot \u00e9s egy helysz\u00ednt ami mindkett\u0151nknek alkalmas \u00e9s elmegy\u00fcnk egy k\u00f6tetlen p\u00e1ros\/jegyesfot\u00f3z\u00e1sra ahol kicsit jobban megismerhetj\u00fck egym\u00e1st, megszokhatj\u00e1tok milyen a kamera el\u0151tt mozogni \u00e9n pedig \u0151szinte \u00e9s felejthetetlen k\u00e9peket k\u00e9sz\u00edtek r\u00f3latok<\/p>\n","protected":false},"author":1,"featured_media":0,"parent":0,"menu_order":0,"comment_status":"closed","ping_status":"closed","template":"","meta":{"footnotes":""},"class_list":["post-231","page","type-page","status-publish","hentry"],"_links":{"self":[{"href":"https:\/\/szucsphoto.hu\/index.php?rest_route=\/wp\/v2\/pages\/231","targetHints":{"allow":["GET"]}}],"collection":[{"href":"https:\/\/szucsphoto.hu\/index.php?rest_route=\/wp\/v2\/pages"}],"about":[{"href":"https:\/\/szucsphoto.hu\/index.php?rest_route=\/wp\/v2\/types\/page"}],"author":[{"embeddable":true,"href":"https:\/\/szucsphoto.hu\/index.php?rest_route=\/wp\/v2\/users\/1"}],"replies":[{"embeddable":true,"href":"https:\/\/szucsphoto.hu\/index.php?rest_route=%2Fwp%2Fv2%2Fcomments&post=231"}],"version-history":[{"count":9,"href":"https:\/\/szucsphoto.hu\/index.php?rest_route=\/wp\/v2\/pages\/231\/revisions"}],"predecessor-version":[{"id":469,"href":"https:\/\/szucsphoto.hu\/index.php?rest_route=\/wp\/v2\/pages\/231\/revisions\/469"}],"wp:attachment":[{"href":"https:\/\/szucsphoto.hu\/index.php?rest_route=%2Fwp%2Fv2%2Fmedia&parent=231"}],"curies":[{"name":"wp","href":"https:\/\/api.w.org\/{rel}","templated":true}]}}

<div class="kb-row-layout-wrap kb-row-layout-id231_8af4a8-3b alignfull has-theme-palette8-background-color kt-row-has-bg wp-block-kadence-rowlayout"><div class="kt-row-column-wrap kt-has-2-columns kt-row-layout-equal kt-tab-layout-inherit kt-mobile-layout-row kt-row-valign-middle">

<div class="wp-block-kadence-column kadence-column231_e70982-c4 kb-section-dir-vertical inner-column-1"><div class="kt-inside-inner-col">
<p class="has-text-align-center has-x-large-font-size wp-block-paragraph"><strong> Jegyesfotózás </strong></p>



<p class="kt-adv-heading231_40b3e2-90 wp-block-kadence-advancedheading has-theme-palette-4-color has-text-color" data-kb-block="kb-adv-heading231_40b3e2-90">Ha a deluxe vagy a classic csomagot választjátok kaptok egy 80.000 forint értékű jegyesfotózást ajándékba. </p>



<p class="is-style-default wp-block-paragraph">A foglalás után megbeszélünk egy időpontot és egy helyszínt ami mindkettőnknek alkalmas és elmegyünk egy kötetlen páros/jegyesfotózásra ahol kicsit jobban megismerhetjük egymást, megszokhatjátok milyen a kamera előtt mozogni én pedig őszinte és felejthetetlen képeket készítek rólatok</p>



<div class="wp-block-kadence-advancedbtn kb-buttons-wrap kb-btns231_0cd4d0-0a"><a class="kb-button kt-button button kb-btn231_1c5dee-b7 kt-btn-size-standard kt-btn-width-type-auto kb-btn-global-inherit kt-btn-has-text-true kt-btn-has-svg-false wp-block-button__link wp-block-kadence-singlebtn" href="https://szucsphoto.hu/#ajanlatkeres"><span class="kt-btn-inner-text">Ajánlatot kérek</span></a></div>
</div></div>



<div class="wp-block-kadence-column kadence-column231_0bbeb7-76 inner-column-2"><div class="kt-inside-inner-col">
<figure class="wp-block-kadence-image kb-image231_ffc9db-f0 size-large kb-image-is-ratio-size"><div class="kb-is-ratio-image kb-image-ratio-port34"><img loading="lazy" decoding="async" width="683" height="1024" src="https://szucsphoto.hu/wp-content/uploads/2026/07/DSC09623-683x1024.jpg" alt="" class="kb-img wp-image-302" srcset="https://szucsphoto.hu/wp-content/uploads/2026/07/DSC09623-683x1024.jpg 683w, https://szucsphoto.hu/wp-content/uploads/2026/07/DSC09623-200x300.jpg 200w, https://szucsphoto.hu/wp-content/uploads/2026/07/DSC09623-768x1152.jpg 768w, https://szucsphoto.hu/wp-content/uploads/2026/07/DSC09623-1024x1536.jpg 1024w, https://szucsphoto.hu/wp-content/uploads/2026/07/DSC09623-1365x2048.jpg 1365w, https://szucsphoto.hu/wp-content/uploads/2026/07/DSC09623-scaled.jpg 1707w" sizes="auto, (max-width: 683px) 100vw, 683px" /></div></figure>
</div></div>

</div></div>


<p class="wp-block-paragraph"></p>

<p>Jegyesfotózás Ha a deluxe vagy a classic csomagot választjátok kaptok egy 80.000 forint értékű jegyesfotózást ajándékba. A foglalás után megbeszélünk egy időpontot és egy helyszínt ami mindkettőnknek alkalmas és elmegyünk egy kötetlen páros/jegyesfotózásra ahol kicsit jobban megismerhetjük egymást, megszokhatjátok milyen a kamera előtt mozogni én pedig őszinte és felejthetetlen képeket készítek rólatok</p>
