{"id":238,"date":"2026-07-22T14:40:28","date_gmt":"2026-07-22T14:40:28","guid":{"rendered":"https:\/\/szucsphoto.hu\/?page_id=238"},"modified":"2026-07-22T14:42:54","modified_gmt":"2026-07-22T14:42:54","slug":"kozos-ebed","status":"publish","type":"page","link":"https:\/\/szucsphoto.hu\/?page_id=238","title":{"rendered":""},"content":{"rendered":"<div class=\"kb-row-layout-wrap kb-row-layout-id238_d6c5e3-6e alignfull kt-row-has-bg wp-block-kadence-rowlayout\"><div class=\"kt-row-column-wrap kt-has-1-columns kt-row-layout-equal kt-tab-layout-inherit kt-mobile-layout-row kt-row-valign-top\">\n\n<div class=\"wp-block-kadence-column kadence-column238_bcb9bb-96 inner-column-1\"><div class=\"kt-inside-inner-col\">\n<h6 class=\"kt-adv-heading238_32de2e-7f wp-block-kadence-advancedheading\" data-kb-block=\"kb-adv-heading238_32de2e-7f\">k\u00f6z\u00f6s eb\u00e9d\/k\u00e1v\u00e9z\u00e1s<\/h6>\n\n\n\n<p class=\"wp-block-paragraph\"><br>V\u00e9lem\u00e9nyem szerint az esk\u00fcv\u0151fot\u00f3z\u00e1snak elengedhetetlen r\u00e9sze hogy, egy kicsit jobban megismerj\u00fck egym\u00e1st,  \u00edgy ti sem fogj\u00e1tok magatokat annyira fur\u00e1n \u00e9rezni az elej\u00e9n a kamera el\u0151tt \u00e9s \u00e9n is meg tudom besz\u00e9lni veletek hogy pontosan milyen k\u00e9peket szeretn\u00e9tek<br>ez\u00e9rt adok most a deluxe \u00e9s a classic csomagom mell\u00e9 is egy k\u00f6z\u00f6s eb\u00e9det vagy k\u00e1v\u00e9z\u00e1st <br><br>A foglal\u00e1s ut\u00e1n megbesz\u00e9l\u00fcnk egy id\u0151pontot hogy mikor tudn\u00e1nk tal\u00e1lkozni, helyileg pedig lehet ak\u00e1r Budapesten de m\u00e1s v\u00e1rosban is ami egyik\u00fcnknek sincs olyan messze <\/p>\n\n\n\n<div class=\"wp-block-kadence-advancedbtn kb-buttons-wrap kb-btns238_b97213-d6\"><a class=\"kb-button kt-button button kb-btn238_24d58c-01 kt-btn-size-standard kt-btn-width-type-auto kb-btn-global-outline kt-btn-has-text-true kt-btn-has-svg-false wp-block-kadence-singlebtn\" href=\"https:\/\/szucsphoto.hu#ajanlatkeres\"><span class=\"kt-btn-inner-text\">Aj\u00e1nlatot k\u00e9rek<\/span><\/a><\/div>\n<\/div><\/div>\n\n<\/div><\/div>","protected":false},"excerpt":{"rendered":"<p>k\u00f6z\u00f6s eb\u00e9d\/k\u00e1v\u00e9z\u00e1s V\u00e9lem\u00e9nyem szerint az esk\u00fcv\u0151fot\u00f3z\u00e1snak elengedhetetlen r\u00e9sze hogy, egy kicsit jobban megismerj\u00fck egym\u00e1st, \u00edgy ti sem fogj\u00e1tok magatokat annyira fur\u00e1n \u00e9rezni az elej\u00e9n a kamera el\u0151tt \u00e9s \u00e9n is meg tudom besz\u00e9lni veletek hogy pontosan milyen k\u00e9peket szeretn\u00e9tekez\u00e9rt adok most a deluxe \u00e9s a classic csomagom mell\u00e9 is egy k\u00f6z\u00f6s eb\u00e9det vagy k\u00e1v\u00e9z\u00e1st A [&hellip;]<\/p>\n","protected":false},"author":1,"featured_media":0,"parent":0,"menu_order":0,"comment_status":"closed","ping_status":"closed","template":"","meta":{"footnotes":""},"class_list":["post-238","page","type-page","status-publish","hentry"],"_links":{"self":[{"href":"https:\/\/szucsphoto.hu\/index.php?rest_route=\/wp\/v2\/pages\/238","targetHints":{"allow":["GET"]}}],"collection":[{"href":"https:\/\/szucsphoto.hu\/index.php?rest_route=\/wp\/v2\/pages"}],"about":[{"href":"https:\/\/szucsphoto.hu\/index.php?rest_route=\/wp\/v2\/types\/page"}],"author":[{"embeddable":true,"href":"https:\/\/szucsphoto.hu\/index.php?rest_route=\/wp\/v2\/users\/1"}],"replies":[{"embeddable":true,"href":"https:\/\/szucsphoto.hu\/index.php?rest_route=%2Fwp%2Fv2%2Fcomments&post=238"}],"version-history":[{"count":4,"href":"https:\/\/szucsphoto.hu\/index.php?rest_route=\/wp\/v2\/pages\/238\/revisions"}],"predecessor-version":[{"id":243,"href":"https:\/\/szucsphoto.hu\/index.php?rest_route=\/wp\/v2\/pages\/238\/revisions\/243"}],"wp:attachment":[{"href":"https:\/\/szucsphoto.hu\/index.php?rest_route=%2Fwp%2Fv2%2Fmedia&parent=238"}],"curies":[{"name":"wp","href":"https:\/\/api.w.org\/{rel}","templated":true}]}}

<div class="kb-row-layout-wrap kb-row-layout-id238_d6c5e3-6e alignfull kt-row-has-bg wp-block-kadence-rowlayout"><div class="kt-row-column-wrap kt-has-1-columns kt-row-layout-equal kt-tab-layout-inherit kt-mobile-layout-row kt-row-valign-top">

<div class="wp-block-kadence-column kadence-column238_bcb9bb-96 inner-column-1"><div class="kt-inside-inner-col">
<h6 class="kt-adv-heading238_32de2e-7f wp-block-kadence-advancedheading" data-kb-block="kb-adv-heading238_32de2e-7f">közös ebéd/kávézás</h6>



<p class="wp-block-paragraph"><br>Véleményem szerint az esküvőfotózásnak elengedhetetlen része hogy, egy kicsit jobban megismerjük egymást,  így ti sem fogjátok magatokat annyira furán érezni az elején a kamera előtt és én is meg tudom beszélni veletek hogy pontosan milyen képeket szeretnétek<br>ezért adok most a deluxe és a classic csomagom mellé is egy közös ebédet vagy kávézást <br><br>A foglalás után megbeszélünk egy időpontot hogy mikor tudnánk találkozni, helyileg pedig lehet akár Budapesten de más városban is ami egyikünknek sincs olyan messze </p>



<div class="wp-block-kadence-advancedbtn kb-buttons-wrap kb-btns238_b97213-d6"><a class="kb-button kt-button button kb-btn238_24d58c-01 kt-btn-size-standard kt-btn-width-type-auto kb-btn-global-outline kt-btn-has-text-true kt-btn-has-svg-false wp-block-kadence-singlebtn" href="https://szucsphoto.hu#ajanlatkeres"><span class="kt-btn-inner-text">Ajánlatot kérek</span></a></div>
</div></div>

</div></div>

<p>közös ebéd/kávézás Véleményem szerint az esküvőfotózásnak elengedhetetlen része hogy, egy kicsit jobban megismerjük egymást, így ti sem fogjátok magatokat annyira furán érezni az elején a kamera előtt és én is meg tudom beszélni veletek hogy pontosan milyen képeket szeretnétekezért adok most a deluxe és a classic csomagom mellé is egy közös ebédet vagy kávézást A [&hellip;]</p>
