{"id":64,"date":"2026-07-17T10:06:59","date_gmt":"2026-07-17T10:06:59","guid":{"rendered":"https:\/\/szucsphoto.hu\/?page_id=64"},"modified":"2026-07-24T17:27:56","modified_gmt":"2026-07-24T17:27:56","slug":"bemutatkozas","status":"publish","type":"page","link":"https:\/\/szucsphoto.hu\/?page_id=64","title":{"rendered":""},"content":{"rendered":"\n<div class=\"wp-block-group alignfull is-style-default has-global-padding is-layout-constrained wp-container-core-group-is-layout-c481444b wp-block-group-is-layout-constrained\" style=\"min-height:0vh;margin-top:0;margin-bottom:0;padding-top:var(--wp--preset--spacing--60);padding-right:var(--wp--preset--spacing--40);padding-bottom:var(--wp--preset--spacing--60);padding-left:var(--wp--preset--spacing--40)\">\n<div class=\"wp-block-group has-global-padding is-layout-constrained wp-container-core-group-is-layout-f15145cb wp-block-group-is-layout-constrained\">\n<h2 class=\"wp-block-heading has-text-align-center has-xx-large-font-size\" style=\"margin-right:0;margin-left:0;padding-right:0;padding-left:0\">Szia! \u00c1bel vagyok<\/h2>\n\n\n\n<p class=\"has-text-align-center wp-block-paragraph\">Esk\u00fcv\u0151 \u00e9s portr\u00e9fot\u00f3s <\/p>\n\n\n\n<div class=\"wp-block-buttons is-content-justification-center is-layout-flex wp-container-core-buttons-is-layout-35f06ea7 wp-block-buttons-is-layout-flex\">\n<div class=\"wp-block-button\"><a class=\"wp-block-button__link wp-element-button\" href=\"https:\/\/szucsphoto.hu\/?page_id=130\">Eddigi munk\u00e1im<\/a><\/div>\n<\/div>\n<\/div>\n<\/div>\n\n\n\n<div class=\"wp-block-group alignfull is-style-section-1 has-global-padding is-layout-constrained wp-block-group-is-layout-constrained is-style-section-1--1\" style=\"margin-top:0;margin-bottom:0;padding-top:var(--wp--preset--spacing--50);padding-bottom:var(--wp--preset--spacing--50)\">\n<div class=\"wp-block-columns alignwide is-layout-flex wp-container-core-columns-is-layout-f911b2ec wp-block-columns-is-layout-flex\">\n<div class=\"wp-block-column is-layout-flow wp-block-column-is-layout-flow\" style=\"padding-right:var(--wp--preset--spacing--50);padding-left:var(--wp--preset--spacing--40);flex-basis:45%\">\n<figure class=\"wp-block-image alignright size-full is-resized has-custom-border is-style-default\" style=\"margin-top:0;margin-right:0vw;margin-bottom:0;margin-left:0vw\"><img loading=\"lazy\" decoding=\"async\" width=\"1707\" height=\"2560\" src=\"https:\/\/szucsphoto.hu\/wp-content\/uploads\/2026\/07\/DSC_7629-Edit-scaled.jpg\" alt=\"\" class=\"wp-image-69\" style=\"border-width:3px;border-top-left-radius:71px;border-top-right-radius:71px;border-bottom-left-radius:71px;border-bottom-right-radius:71px;aspect-ratio:0.6668042087889416;object-fit:cover;object-position:50% 50%;width:523px;height:auto\" srcset=\"https:\/\/szucsphoto.hu\/wp-content\/uploads\/2026\/07\/DSC_7629-Edit-scaled.jpg 1707w, https:\/\/szucsphoto.hu\/wp-content\/uploads\/2026\/07\/DSC_7629-Edit-200x300.jpg 200w, https:\/\/szucsphoto.hu\/wp-content\/uploads\/2026\/07\/DSC_7629-Edit-683x1024.jpg 683w, https:\/\/szucsphoto.hu\/wp-content\/uploads\/2026\/07\/DSC_7629-Edit-768x1152.jpg 768w, https:\/\/szucsphoto.hu\/wp-content\/uploads\/2026\/07\/DSC_7629-Edit-1024x1536.jpg 1024w, https:\/\/szucsphoto.hu\/wp-content\/uploads\/2026\/07\/DSC_7629-Edit-1365x2048.jpg 1365w\" sizes=\"auto, (max-width: 1707px) 100vw, 1707px\" \/><\/figure>\n\n\n\n<div class=\"wp-block-group has-global-padding is-layout-constrained wp-block-group-is-layout-constrained\" style=\"margin-top:-12vw\"><\/div>\n<\/div>\n\n\n\n<div class=\"wp-block-column is-vertically-aligned-center is-layout-flow wp-block-column-is-layout-flow\" style=\"padding-right:0;padding-left:0;flex-basis:50%\">\n<div class=\"wp-block-group is-vertical is-layout-flex wp-container-core-group-is-layout-831b2db5 wp-block-group-is-layout-flex\">\n<h2 class=\"wp-block-heading is-style-text-annotation is-style-text-annotation--2\" style=\"border-width:1px\">N\u00e9h\u00e1ny mondat r\u00f3lam <\/h2>\n<\/div>\n\n\n\n<p class=\"is-style-text-subtitle has-x-large-font-size is-style-text-subtitle--3 wp-block-paragraph\">Hat \u00e9ve kezdtem el fot\u00f3zni <br>el\u0151sz\u00f6r csak hobbib\u00f3l majd egyre jobban beleszerettem a fot\u00f3z\u00e1sba, m\u00edg v\u00e9g\u00fcl r\u00e1j\u00f6ttem hogy ezzel \u00e9rt\u00e9ket is tudok adni az embereknek, ekkor d\u00f6nt\u00f6ttem el hogy komolyabban is szeretn\u00e9k foglalkozni a fot\u00f3z\u00e1ssal.<\/p>\n<\/div>\n<\/div>\n<\/div>\n\n\n\n<div class=\"wp-block-group alignfull is-style-section-1 has-global-padding is-layout-constrained wp-block-group-is-layout-constrained is-style-section-1--4\" style=\"margin-top:0;margin-bottom:0;padding-top:var(--wp--preset--spacing--50);padding-bottom:var(--wp--preset--spacing--50)\">\n<div class=\"wp-block-columns alignwide is-layout-flex wp-container-core-columns-is-layout-f911b2ec wp-block-columns-is-layout-flex\">\n<div class=\"wp-block-column is-vertically-aligned-center is-layout-flow wp-block-column-is-layout-flow\" style=\"padding-right:0;padding-left:0;flex-basis:50%\">\n<div class=\"wp-block-group is-vertical is-layout-flex wp-container-core-group-is-layout-831b2db5 wp-block-group-is-layout-flex\"><\/div>\n\n\n\n<p class=\"is-style-text-annotation has-x-large-font-size is-style-text-annotation--5 wp-block-paragraph\" style=\"border-top-left-radius:0px;border-top-right-radius:0px;border-bottom-left-radius:0px;border-bottom-right-radius:0px\">A c\u00e9lom hogy olyan k\u00e9peket k\u00e9sz\u00edtsek r\u00f3latok amik \u0151szint\u00e9k \u00e9s felejthetetlenek, amiket sz\u00edvesen kitesztek ak\u00e1r a nappalitok fal\u00e1ra \u00e9s \u00e9vekkel k\u00e9s\u0151bb is sz\u00edvesen n\u00e9zegetitek majd&nbsp;<\/p>\n<\/div>\n\n\n\n<div class=\"wp-block-column is-vertically-aligned-center is-layout-flow wp-block-column-is-layout-flow\" style=\"padding-right:0;padding-left:0;flex-basis:50%\">\n<div class=\"wp-block-group is-vertical is-layout-flex wp-container-core-group-is-layout-831b2db5 wp-block-group-is-layout-flex\"><\/div>\n\n\n\n<p class=\"is-style-text-subtitle has-x-large-font-size is-style-text-subtitle--6 wp-block-paragraph\">Egy esk\u00fcv\u0151 fot\u00f3z\u00e1sa majd a k\u00e9pek ut\u00f3munk\u00e1z\u00e1sa sokszor brut\u00e1lisan f\u00e1raszt\u00f3 tud lenni, de amikor \u00e1tadom a k\u00e9peket \u00e9s a p\u00e1r vissza\u00edr hogy mennyire tetszenek nekik a k\u00e9pek \u00e9s hogy legal\u00e1bb 10x v\u00e9gign\u00e9zt\u00e9k \u0151ket na ez az ami er\u0151t ad a folytat\u00e1shoz.<br><\/p>\n<\/div>\n<\/div>\n<\/div>\n\n\n\n<div class=\"wp-block-group alignfull is-style-section-1 has-accent-5-background-color has-background has-global-padding is-layout-constrained wp-block-group-is-layout-constrained is-style-section-1--7\" style=\"margin-top:0;margin-bottom:0;padding-top:var(--wp--preset--spacing--50);padding-bottom:var(--wp--preset--spacing--50)\">\n<div class=\"wp-block-columns is-layout-flex wp-container-core-columns-is-layout-794e3cfa wp-block-columns-is-layout-flex\">\n<div class=\"wp-block-column is-layout-flow wp-block-column-is-layout-flow\" style=\"flex-basis:100%\">\n<p class=\"kt-adv-heading64_10011c-3f wp-block-kadence-advancedheading\" data-kb-block=\"kb-adv-heading64_10011c-3f\">Ha tetszenek a k\u00e9peim \u00e9s te is sz\u00edvesen felk\u00e9rn\u00e9l az esk\u00fcv\u0151d fot\u00f3z\u00e1s\u00e1ra akkor kattints a gombra \u00e9s a k\u00e9rj aj\u00e1nlatot most!<\/p>\n\n\n\n<div class=\"wp-block-kadence-advancedbtn kb-buttons-wrap kb-btns64_024a6b-d2\"><a class=\"kb-button kt-button button kb-btn64_1af3b7-0f kt-btn-size-large kt-btn-width-type-fixed kb-btn-global-outline kt-btn-has-text-true kt-btn-has-svg-false wp-block-kadence-singlebtn\" href=\"https:\/\/szucsphoto.hu#ajanlatkeres\"><span class=\"kt-btn-inner-text\">Aj\u00e1nlatot k\u00e9rek<\/span><\/a><\/div>\n<\/div>\n<\/div>\n<\/div>\n\n\n\n<p class=\"wp-block-paragraph\"><\/p>\n\n\n\n<p class=\"wp-block-paragraph\"><\/p>\n","protected":false},"excerpt":{"rendered":"<p>Szia! \u00c1bel vagyok Esk\u00fcv\u0151 \u00e9s portr\u00e9fot\u00f3s N\u00e9h\u00e1ny mondat r\u00f3lam Hat \u00e9ve kezdtem el fot\u00f3zni el\u0151sz\u00f6r csak hobbib\u00f3l majd egyre jobban beleszerettem a fot\u00f3z\u00e1sba, m\u00edg v\u00e9g\u00fcl r\u00e1j\u00f6ttem hogy ezzel \u00e9rt\u00e9ket is tudok adni az embereknek, ekkor d\u00f6nt\u00f6ttem el hogy komolyabban is szeretn\u00e9k foglalkozni a fot\u00f3z\u00e1ssal. A c\u00e9lom hogy olyan k\u00e9peket k\u00e9sz\u00edtsek r\u00f3latok amik \u0151szint\u00e9k \u00e9s felejthetetlenek, [&hellip;]<\/p>\n","protected":false},"author":1,"featured_media":0,"parent":0,"menu_order":0,"comment_status":"closed","ping_status":"closed","template":"","meta":{"footnotes":""},"class_list":["post-64","page","type-page","status-publish","hentry"],"_links":{"self":[{"href":"https:\/\/szucsphoto.hu\/index.php?rest_route=\/wp\/v2\/pages\/64","targetHints":{"allow":["GET"]}}],"collection":[{"href":"https:\/\/szucsphoto.hu\/index.php?rest_route=\/wp\/v2\/pages"}],"about":[{"href":"https:\/\/szucsphoto.hu\/index.php?rest_route=\/wp\/v2\/types\/page"}],"author":[{"embeddable":true,"href":"https:\/\/szucsphoto.hu\/index.php?rest_route=\/wp\/v2\/users\/1"}],"replies":[{"embeddable":true,"href":"https:\/\/szucsphoto.hu\/index.php?rest_route=%2Fwp%2Fv2%2Fcomments&post=64"}],"version-history":[{"count":46,"href":"https:\/\/szucsphoto.hu\/index.php?rest_route=\/wp\/v2\/pages\/64\/revisions"}],"predecessor-version":[{"id":427,"href":"https:\/\/szucsphoto.hu\/index.php?rest_route=\/wp\/v2\/pages\/64\/revisions\/427"}],"wp:attachment":[{"href":"https:\/\/szucsphoto.hu\/index.php?rest_route=%2Fwp%2Fv2%2Fmedia&parent=64"}],"curies":[{"name":"wp","href":"https:\/\/api.w.org\/{rel}","templated":true}]}}

<div class="wp-block-group alignfull is-style-default has-global-padding is-layout-constrained wp-container-core-group-is-layout-c481444b wp-block-group-is-layout-constrained" style="min-height:0vh;margin-top:0;margin-bottom:0;padding-top:var(--wp--preset--spacing--60);padding-right:var(--wp--preset--spacing--40);padding-bottom:var(--wp--preset--spacing--60);padding-left:var(--wp--preset--spacing--40)">
<div class="wp-block-group has-global-padding is-layout-constrained wp-container-core-group-is-layout-f15145cb wp-block-group-is-layout-constrained">
<h2 class="wp-block-heading has-text-align-center has-xx-large-font-size" style="margin-right:0;margin-left:0;padding-right:0;padding-left:0">Szia! Ábel vagyok</h2>



<p class="has-text-align-center wp-block-paragraph">Esküvő és portréfotós </p>



<div class="wp-block-buttons is-content-justification-center is-layout-flex wp-container-core-buttons-is-layout-35f06ea7 wp-block-buttons-is-layout-flex">
<div class="wp-block-button"><a class="wp-block-button__link wp-element-button" href="https://szucsphoto.hu/?page_id=130">Eddigi munkáim</a></div>
</div>
</div>
</div>



<div class="wp-block-group alignfull is-style-section-1 has-global-padding is-layout-constrained wp-block-group-is-layout-constrained is-style-section-1--1" style="margin-top:0;margin-bottom:0;padding-top:var(--wp--preset--spacing--50);padding-bottom:var(--wp--preset--spacing--50)">
<div class="wp-block-columns alignwide is-layout-flex wp-container-core-columns-is-layout-f911b2ec wp-block-columns-is-layout-flex">
<div class="wp-block-column is-layout-flow wp-block-column-is-layout-flow" style="padding-right:var(--wp--preset--spacing--50);padding-left:var(--wp--preset--spacing--40);flex-basis:45%">
<figure class="wp-block-image alignright size-full is-resized has-custom-border is-style-default" style="margin-top:0;margin-right:0vw;margin-bottom:0;margin-left:0vw"><img loading="lazy" decoding="async" width="1707" height="2560" src="https://szucsphoto.hu/wp-content/uploads/2026/07/DSC_7629-Edit-scaled.jpg" alt="" class="wp-image-69" style="border-width:3px;border-top-left-radius:71px;border-top-right-radius:71px;border-bottom-left-radius:71px;border-bottom-right-radius:71px;aspect-ratio:0.6668042087889416;object-fit:cover;object-position:50% 50%;width:523px;height:auto" srcset="https://szucsphoto.hu/wp-content/uploads/2026/07/DSC_7629-Edit-scaled.jpg 1707w, https://szucsphoto.hu/wp-content/uploads/2026/07/DSC_7629-Edit-200x300.jpg 200w, https://szucsphoto.hu/wp-content/uploads/2026/07/DSC_7629-Edit-683x1024.jpg 683w, https://szucsphoto.hu/wp-content/uploads/2026/07/DSC_7629-Edit-768x1152.jpg 768w, https://szucsphoto.hu/wp-content/uploads/2026/07/DSC_7629-Edit-1024x1536.jpg 1024w, https://szucsphoto.hu/wp-content/uploads/2026/07/DSC_7629-Edit-1365x2048.jpg 1365w" sizes="auto, (max-width: 1707px) 100vw, 1707px" /></figure>



<div class="wp-block-group has-global-padding is-layout-constrained wp-block-group-is-layout-constrained" style="margin-top:-12vw"></div>
</div>



<div class="wp-block-column is-vertically-aligned-center is-layout-flow wp-block-column-is-layout-flow" style="padding-right:0;padding-left:0;flex-basis:50%">
<div class="wp-block-group is-vertical is-layout-flex wp-container-core-group-is-layout-831b2db5 wp-block-group-is-layout-flex">
<h2 class="wp-block-heading is-style-text-annotation is-style-text-annotation--2" style="border-width:1px">Néhány mondat rólam </h2>
</div>



<p class="is-style-text-subtitle has-x-large-font-size is-style-text-subtitle--3 wp-block-paragraph">Hat éve kezdtem el fotózni <br>először csak hobbiból majd egyre jobban beleszerettem a fotózásba, míg végül rájöttem hogy ezzel értéket is tudok adni az embereknek, ekkor döntöttem el hogy komolyabban is szeretnék foglalkozni a fotózással.</p>
</div>
</div>
</div>



<div class="wp-block-group alignfull is-style-section-1 has-global-padding is-layout-constrained wp-block-group-is-layout-constrained is-style-section-1--4" style="margin-top:0;margin-bottom:0;padding-top:var(--wp--preset--spacing--50);padding-bottom:var(--wp--preset--spacing--50)">
<div class="wp-block-columns alignwide is-layout-flex wp-container-core-columns-is-layout-f911b2ec wp-block-columns-is-layout-flex">
<div class="wp-block-column is-vertically-aligned-center is-layout-flow wp-block-column-is-layout-flow" style="padding-right:0;padding-left:0;flex-basis:50%">
<div class="wp-block-group is-vertical is-layout-flex wp-container-core-group-is-layout-831b2db5 wp-block-group-is-layout-flex"></div>



<p class="is-style-text-annotation has-x-large-font-size is-style-text-annotation--5 wp-block-paragraph" style="border-top-left-radius:0px;border-top-right-radius:0px;border-bottom-left-radius:0px;border-bottom-right-radius:0px">A célom hogy olyan képeket készítsek rólatok amik őszinték és felejthetetlenek, amiket szívesen kitesztek akár a nappalitok falára és évekkel később is szívesen nézegetitek majd&nbsp;</p>
</div>



<div class="wp-block-column is-vertically-aligned-center is-layout-flow wp-block-column-is-layout-flow" style="padding-right:0;padding-left:0;flex-basis:50%">
<div class="wp-block-group is-vertical is-layout-flex wp-container-core-group-is-layout-831b2db5 wp-block-group-is-layout-flex"></div>



<p class="is-style-text-subtitle has-x-large-font-size is-style-text-subtitle--6 wp-block-paragraph">Egy esküvő fotózása majd a képek utómunkázása sokszor brutálisan fárasztó tud lenni, de amikor átadom a képeket és a pár visszaír hogy mennyire tetszenek nekik a képek és hogy legalább 10x végignézték őket na ez az ami erőt ad a folytatáshoz.<br></p>
</div>
</div>
</div>



<div class="wp-block-group alignfull is-style-section-1 has-accent-5-background-color has-background has-global-padding is-layout-constrained wp-block-group-is-layout-constrained is-style-section-1--7" style="margin-top:0;margin-bottom:0;padding-top:var(--wp--preset--spacing--50);padding-bottom:var(--wp--preset--spacing--50)">
<div class="wp-block-columns is-layout-flex wp-container-core-columns-is-layout-794e3cfa wp-block-columns-is-layout-flex">
<div class="wp-block-column is-layout-flow wp-block-column-is-layout-flow" style="flex-basis:100%">
<p class="kt-adv-heading64_10011c-3f wp-block-kadence-advancedheading" data-kb-block="kb-adv-heading64_10011c-3f">Ha tetszenek a képeim és te is szívesen felkérnél az esküvőd fotózására akkor kattints a gombra és a kérj ajánlatot most!</p>



<div class="wp-block-kadence-advancedbtn kb-buttons-wrap kb-btns64_024a6b-d2"><a class="kb-button kt-button button kb-btn64_1af3b7-0f kt-btn-size-large kt-btn-width-type-fixed kb-btn-global-outline kt-btn-has-text-true kt-btn-has-svg-false wp-block-kadence-singlebtn" href="https://szucsphoto.hu#ajanlatkeres"><span class="kt-btn-inner-text">Ajánlatot kérek</span></a></div>
</div>
</div>
</div>



<p class="wp-block-paragraph"></p>



<p class="wp-block-paragraph"></p>

<p>Szia! Ábel vagyok Esküvő és portréfotós Néhány mondat rólam Hat éve kezdtem el fotózni először csak hobbiból majd egyre jobban beleszerettem a fotózásba, míg végül rájöttem hogy ezzel értéket is tudok adni az embereknek, ekkor döntöttem el hogy komolyabban is szeretnék foglalkozni a fotózással. A célom hogy olyan képeket készítsek rólatok amik őszinték és felejthetetlenek, [&hellip;]</p>
